Dec 03 07:44:25.786 INFO testing google-jobs3-1.0.8+20181008 against master#8940af3cea4a9a9deabcaf843b2f8cad9a83fc61 for beta-1.31-5
Dec 03 07:44:25.787 INFO running `"docker" "create" "-v" "/mnt/big/crater/work/local/target-dirs/beta-1.31-5/worker-3/master#8940af3cea4a9a9deabcaf843b2f8cad9a83fc61:/target:rw,Z" "-v" "/mnt/big/crater/work/local/test-source/worker-3/beta-1.31-5/master#8940af3cea4a9a9deabcaf843b2f8cad9a83fc61:/source:ro,Z" "-v" "/mnt/big/crater/work/local/cargo-home:/cargo-home:ro,Z" "-v" "/mnt/big/crater/work/local/rustup-home:/rustup-home:ro,Z" "-e" "USER_ID=1000" "-e" "SOURCE_DIR=/source" "-e" "USER_ID=1000" "-e" "CMD=cargo +8940af3cea4a9a9deabcaf843b2f8cad9a83fc61-alt build --frozen" "-e" "CARGO_TARGET_DIR=/target" "-e" "CARGO_INCREMENTAL=0" "-e" "RUST_BACKTRACE=full" "-e" "RUSTFLAGS=--cap-lints=warn" "-e" "CARGO_HOME=/cargo-home" "-e" "RUSTUP_HOME=/rustup-home" "-m" "1536M" "--network" "none" "crater"`
Dec 03 07:44:26.267 INFO [stdout] d5b9e4776bcfc93a10bb949a07b200f3a917dea7b54955c9f7abbf7905254daa
Dec 03 07:44:26.268 INFO running `"docker" "start" "-a" "d5b9e4776bcfc93a10bb949a07b200f3a917dea7b54955c9f7abbf7905254daa"`
Dec 03 07:44:27.454 INFO [stderr] usermod: no changes
Dec 03 07:44:27.679 INFO [stderr]    Compiling google-jobs3 v1.0.8+20181008 (/source)
Dec 03 07:44:37.821 INFO [stderr]     Finished dev [unoptimized + debuginfo] target(s) in 10.34s
Dec 03 07:44:37.833 INFO [stderr] su: No module specific data is present
Dec 03 07:44:39.029 INFO running `"docker" "inspect" "d5b9e4776bcfc93a10bb949a07b200f3a917dea7b54955c9f7abbf7905254daa"`
Dec 03 07:44:39.459 INFO running `"docker" "rm" "-f" "d5b9e4776bcfc93a10bb949a07b200f3a917dea7b54955c9f7abbf7905254daa"`
Dec 03 07:44:39.859 INFO [stdout] d5b9e4776bcfc93a10bb949a07b200f3a917dea7b54955c9f7abbf7905254daa
Dec 03 07:44:39.867 INFO running `"docker" "create" "-v" "/mnt/big/crater/work/local/target-dirs/beta-1.31-5/worker-3/master#8940af3cea4a9a9deabcaf843b2f8cad9a83fc61:/target:rw,Z" "-v" "/mnt/big/crater/work/local/test-source/worker-3/beta-1.31-5/master#8940af3cea4a9a9deabcaf843b2f8cad9a83fc61:/source:ro,Z" "-v" "/mnt/big/crater/work/local/cargo-home:/cargo-home:ro,Z" "-v" "/mnt/big/crater/work/local/rustup-home:/rustup-home:ro,Z" "-e" "USER_ID=1000" "-e" "SOURCE_DIR=/source" "-e" "USER_ID=1000" "-e" "CMD=cargo +8940af3cea4a9a9deabcaf843b2f8cad9a83fc61-alt test --frozen --no-run" "-e" "CARGO_TARGET_DIR=/target" "-e" "CARGO_INCREMENTAL=0" "-e" "RUST_BACKTRACE=full" "-e" "RUSTFLAGS=--cap-lints=warn" "-e" "CARGO_HOME=/cargo-home" "-e" "RUSTUP_HOME=/rustup-home" "-m" "1536M" "--network" "none" "crater"`
Dec 03 07:44:40.324 INFO [stdout] a0466a6e08bcec933852253381ed435d9c38571fccbc703260d1f7eda4cc2fbf
Dec 03 07:44:40.326 INFO running `"docker" "start" "-a" "a0466a6e08bcec933852253381ed435d9c38571fccbc703260d1f7eda4cc2fbf"`
Dec 03 07:44:41.787 INFO [stderr] usermod: no changes
Dec 03 07:44:42.013 INFO [stderr]    Compiling google-jobs3 v1.0.8+20181008 (/source)
Dec 03 07:44:51.423 INFO [stderr]     Finished dev [unoptimized + debuginfo] target(s) in 9.62s
Dec 03 07:44:51.438 INFO [stderr] su: No module specific data is present
Dec 03 07:44:52.124 INFO running `"docker" "inspect" "a0466a6e08bcec933852253381ed435d9c38571fccbc703260d1f7eda4cc2fbf"`
Dec 03 07:44:52.354 INFO running `"docker" "rm" "-f" "a0466a6e08bcec933852253381ed435d9c38571fccbc703260d1f7eda4cc2fbf"`
Dec 03 07:44:52.539 INFO [stdout] a0466a6e08bcec933852253381ed435d9c38571fccbc703260d1f7eda4cc2fbf
Dec 03 07:44:52.548 INFO running `"docker" "create" "-v" "/mnt/big/crater/work/local/target-dirs/beta-1.31-5/worker-3/master#8940af3cea4a9a9deabcaf843b2f8cad9a83fc61:/target:rw,Z" "-v" "/mnt/big/crater/work/local/test-source/worker-3/beta-1.31-5/master#8940af3cea4a9a9deabcaf843b2f8cad9a83fc61:/source:ro,Z" "-v" "/mnt/big/crater/work/local/cargo-home:/cargo-home:ro,Z" "-v" "/mnt/big/crater/work/local/rustup-home:/rustup-home:ro,Z" "-e" "USER_ID=1000" "-e" "SOURCE_DIR=/source" "-e" "USER_ID=1000" "-e" "CMD=cargo +8940af3cea4a9a9deabcaf843b2f8cad9a83fc61-alt test --frozen" "-e" "CARGO_TARGET_DIR=/target" "-e" "CARGO_INCREMENTAL=0" "-e" "RUST_BACKTRACE=full" "-e" "RUSTFLAGS=--cap-lints=warn" "-e" "CARGO_HOME=/cargo-home" "-e" "RUSTUP_HOME=/rustup-home" "-m" "1536M" "--network" "none" "crater"`
Dec 03 07:44:52.940 INFO [stdout] 408f1dd377e1b303020aa9efd6335874ca4097830a48254176306c5defe86bc3
Dec 03 07:44:52.943 INFO running `"docker" "start" "-a" "408f1dd377e1b303020aa9efd6335874ca4097830a48254176306c5defe86bc3"`
Dec 03 07:44:54.243 INFO [stderr] usermod: no changes
Dec 03 07:44:54.407 INFO [stderr]     Finished dev [unoptimized + debuginfo] target(s) in 0.14s
Dec 03 07:44:54.426 INFO [stderr]      Running /target/debug/deps/google_jobs3-8f86c933b3a364e4
Dec 03 07:44:54.427 INFO [stdout] 
Dec 03 07:44:54.427 INFO [stdout] running 0 tests
Dec 03 07:44:54.427 INFO [stdout] 
Dec 03 07:44:54.427 INFO [stdout] test result: ok. 0 passed; 0 failed; 0 ignored; 0 measured; 0 filtered out
Dec 03 07:44:54.427 INFO [stdout] 
Dec 03 07:44:54.428 INFO [stderr]    Doc-tests google-jobs3
Dec 03 07:45:01.637 INFO [stdout] 
Dec 03 07:45:01.637 INFO [stdout] running 19 tests
Dec 03 07:45:01.642 INFO [stdout] test src/lib.rs -  (line 49) ... ignored
Dec 03 07:45:06.091 INFO [stdout] test src/lib.rs - Empty (line 753) ... FAILED
Dec 03 07:45:49.987 INFO [stdout] test src/lib.rs - ProjectCompanyDeleteCall (line 6050) ... ok
Dec 03 07:45:51.015 INFO [stdout] test src/lib.rs - ProjectCompanyCreateCall (line 3205) ... ok
Dec 03 07:45:51.871 INFO [stdout] test src/lib.rs - ProjectCompanyListCall (line 2901) ... ok
Dec 03 07:45:52.667 INFO [stdout] test src/lib.rs - ProjectCompanyPatchCall (line 5475) ... ok
Dec 03 07:45:54.253 INFO [stdout] test src/lib.rs - ProjectCompleteCall (line 6601) ... ok
Dec 03 07:45:55.727 INFO [stdout] test src/lib.rs - CloudTalentSolution (line 270) ... ok
Dec 03 07:45:56.667 INFO [stdout] test src/lib.rs - ProjectCompanyGetCall (line 3751) ... ok
Dec 03 07:45:57.627 INFO [stdout] test src/lib.rs -  (line 81) ... ok
Dec 03 07:46:40.783 INFO [stdout] test src/lib.rs - ProjectJobListCall (line 4298) ... ok
Dec 03 07:46:42.247 INFO [stdout] test src/lib.rs - ProjectJobCreateCall (line 5186) ... ok
Dec 03 07:46:46.611 INFO [stdout] test src/lib.rs - ProjectJobDeleteCall (line 3495) ... ok
Dec 03 07:46:47.183 INFO [stdout] test src/lib.rs - ProjectJobBatchDeleteCall (line 5763) ... ok
Dec 03 07:46:47.599 INFO [stdout] test src/lib.rs - ProjectJobGetCall (line 4631) ... ok
Dec 03 07:46:48.138 INFO [stdout] test src/lib.rs - ProjectJobPatchCall (line 6309) ... ok
Dec 03 07:46:48.175 INFO [stdout] test src/lib.rs - ProjectJobSearchCall (line 4011) ... ok
Dec 03 07:46:48.815 INFO [stdout] test src/lib.rs - ProjectJobSearchForAlertCall (line 4896) ... ok
Dec 03 07:46:53.319 INFO [stdout] test src/lib.rs - ProjectMethods (line 2514) ... ok
Dec 03 07:46:53.319 INFO [stdout] 
Dec 03 07:46:53.319 INFO [stdout] failures:
Dec 03 07:46:53.319 INFO [stdout] 
Dec 03 07:46:53.319 INFO [stdout] ---- src/lib.rs - Empty (line 753) stdout ----
Dec 03 07:46:53.319 INFO [stdout] error: expected one of `!`, `.`, `::`, `;`, `?`, `{`, `}`, or an operator, found `Foo`
Dec 03 07:46:53.319 INFO [stdout]  --> src/lib.rs:754:9
Dec 03 07:46:53.319 INFO [stdout]   |
Dec 03 07:46:53.319 INFO [stdout] 3 | service Foo {
Dec 03 07:46:53.319 INFO [stdout]   |         ^^^ expected one of 8 possible tokens here
Dec 03 07:46:53.319 INFO [stdout] 
Dec 03 07:46:53.319 INFO [stdout] error[E0425]: cannot find value `service` in this scope
Dec 03 07:46:53.319 INFO [stdout]  --> src/lib.rs:754:1
Dec 03 07:46:53.319 INFO [stdout]   |
Dec 03 07:46:53.319 INFO [stdout] 3 | service Foo {
Dec 03 07:46:53.319 INFO [stdout]   | ^^^^^^^ not found in this scope
Dec 03 07:46:53.319 INFO [stdout] 
Dec 03 07:46:53.319 INFO [stdout] thread 'src/lib.rs - Empty (line 753)' panicked at 'couldn't compile the test', librustdoc/test.rs:332:13
Dec 03 07:46:53.319 INFO [stdout] stack backtrace:
Dec 03 07:46:53.319 INFO [stdout]    0:     0x7fbc009a490f - std::sys::unix::backtrace::tracing::imp::unwind_backtrace::h3a8b83e1922cbdde
Dec 03 07:46:53.319 INFO [stdout]                                at libstd/sys/unix/backtrace/tracing/gcc_s.rs:49
Dec 03 07:46:53.319 INFO [stdout]    1:     0x7fbc00989897 - std::sys_common::backtrace::print::h00d3155a29b4020f
Dec 03 07:46:53.319 INFO [stdout]                                at libstd/sys_common/backtrace.rs:71
Dec 03 07:46:53.319 INFO [stdout]                                at libstd/sys_common/backtrace.rs:59
Dec 03 07:46:53.319 INFO [stdout]    2:     0x7fbc009afcef - std::panicking::default_hook::{{closure}}::hd7465c742e79e1bb
Dec 03 07:46:53.319 INFO [stdout]                                at libstd/panicking.rs:211
Dec 03 07:46:53.319 INFO [stdout]    3:     0x7fbc009af9ee - std::panicking::default_hook::h9e3966f2aa2a6e12
Dec 03 07:46:53.319 INFO [stdout]                                at libstd/panicking.rs:221
Dec 03 07:46:53.319 INFO [stdout]    4:     0x7fbc02b3a951 - rustc::util::common::panic_hook::h27965632b67fe74e
Dec 03 07:46:53.319 INFO [stdout]    5:     0x7fbc009b04e6 - std::panicking::rust_panic_with_hook::h587f091ae747d080
Dec 03 07:46:53.319 INFO [stdout]                                at libstd/panicking.rs:480
Dec 03 07:46:53.319 INFO [stdout]    6:     0x563c22a51b17 - std::panicking::begin_panic::hcef7ac517f7efe0f
Dec 03 07:46:53.319 INFO [stdout]                                at libstd/panicking.rs:410
Dec 03 07:46:53.319 INFO [stdout]    7:     0x563c22be5cc7 - <rustdoc::test::Collector as rustdoc::test::Tester>::add_test::{{closure}}::{{closure}}::{{closure}}::h1a7d462b7674a13e
Dec 03 07:46:53.319 INFO [stdout]                                at librustdoc/test.rs:332
Dec 03 07:46:53.319 INFO [stdout]                                at librustdoc/test.rs:596
Dec 03 07:46:53.319 INFO [stdout]    8:     0x563c22b9b1f8 - <scoped_tls::ScopedKey<T>>::set::h9a299037e2efdd79
Dec 03 07:46:53.319 INFO [stdout]                                at /cargo/registry/src/github.com-1ecc6299db9ec823/scoped-tls-0.1.2/src/lib.rs:155
Dec 03 07:46:53.319 INFO [stdout]                                at libsyntax/lib.rs:106
Dec 03 07:46:53.319 INFO [stdout]                                at /cargo/registry/src/github.com-1ecc6299db9ec823/scoped-tls-0.1.2/src/lib.rs:155
Dec 03 07:46:53.319 INFO [stdout]    9:     0x563c2299f601 - syntax::with_globals::hc9a23e436a64729f
Dec 03 07:46:53.319 INFO [stdout]                                at libsyntax/lib.rs:105
Dec 03 07:46:53.319 INFO [stdout]   10:     0x563c22a51dbb - std::panicking::try::do_call::hd95e3a92339aa7c0
Dec 03 07:46:53.319 INFO [stdout]                                at librustdoc/test.rs:593
Dec 03 07:46:53.319 INFO [stdout]                                at libstd/panic.rs:313
Dec 03 07:46:53.319 INFO [stdout]                                at libstd/panicking.rs:310
Dec 03 07:46:53.319 INFO [stdout]   11:     0x7fbc009bdcd9 - __rust_maybe_catch_panic
Dec 03 07:46:53.319 INFO [stdout]                                at libpanic_unwind/lib.rs:102
Dec 03 07:46:53.319 INFO [stdout]   12:     0x563c22a74f49 - rustc_driver::in_named_rustc_thread::h5d5326e5f9843b1f
Dec 03 07:46:53.319 INFO [stdout]                                at libstd/panicking.rs:289
Dec 03 07:46:53.319 INFO [stdout]                                at libstd/panic.rs:392
Dec 03 07:46:53.319 INFO [stdout]                                at librustc_driver/lib.rs:1546
Dec 03 07:46:53.319 INFO [stdout]   13:     0x563c22bb3eb0 - <F as alloc::boxed::FnBox<A>>::call_box::h85b70bbf522f8d35
Dec 03 07:46:53.319 INFO [stdout]                                at librustdoc/test.rs:593
Dec 03 07:46:53.319 INFO [stdout]                                at liballoc/boxed.rs:672
Dec 03 07:46:53.319 INFO [stdout]   14:     0x7fbc0201f022 - <F as alloc::boxed::FnBox<A>>::call_box::h37f4bb882553d58c
Dec 03 07:46:53.319 INFO [stdout]                                at libtest/lib.rs:1461
Dec 03 07:46:53.319 INFO [stdout]                                at liballoc/boxed.rs:672
Dec 03 07:46:53.319 INFO [stdout]   15:     0x7fbc009bdcd9 - __rust_maybe_catch_panic
Dec 03 07:46:53.319 INFO [stdout]                                at libpanic_unwind/lib.rs:102
Dec 03 07:46:53.319 INFO [stdout]   16:     0x7fbc02047462 - std::sys_common::backtrace::__rust_begin_short_backtrace::hb8f0d0309526c184
Dec 03 07:46:53.319 INFO [stdout]                                at libstd/panicking.rs:289
Dec 03 07:46:53.319 INFO [stdout]                                at libstd/panic.rs:392
Dec 03 07:46:53.319 INFO [stdout]                                at libtest/lib.rs:1423
Dec 03 07:46:53.319 INFO [stdout]                                at libstd/sys_common/backtrace.rs:136
Dec 03 07:46:53.319 INFO [stdout]   17:     0x7fbc02048204 - std::panicking::try::do_call::hc2f7c8b9a348d8db
Dec 03 07:46:53.319 INFO [stdout]                                at libstd/thread/mod.rs:409
Dec 03 07:46:53.319 INFO [stdout]                                at libstd/panic.rs:313
Dec 03 07:46:53.319 INFO [stdout]                                at libstd/panicking.rs:310
Dec 03 07:46:53.319 INFO [stdout]   18:     0x7fbc009bdcd9 - __rust_maybe_catch_panic
Dec 03 07:46:53.319 INFO [stdout]                                at libpanic_unwind/lib.rs:102
Dec 03 07:46:53.319 INFO [stdout]   19:     0x7fbc0203094c - <F as alloc::boxed::FnBox<A>>::call_box::h6bfded618e480b32
Dec 03 07:46:53.319 INFO [stdout]                                at libstd/panicking.rs:289
Dec 03 07:46:53.319 INFO [stdout]                                at libstd/panic.rs:392
Dec 03 07:46:53.319 INFO [stdout]                                at libstd/thread/mod.rs:408
Dec 03 07:46:53.319 INFO [stdout]                                at liballoc/boxed.rs:672
Dec 03 07:46:53.319 INFO [stdout]   20:     0x7fbc009aac9d - std::sys_common::thread::start_thread::h4c28257d67cdf9cb
Dec 03 07:46:53.319 INFO [stdout]                                at liballoc/boxed.rs:682
Dec 03 07:46:53.319 INFO [stdout]                                at libstd/sys_common/thread.rs:24
Dec 03 07:46:53.319 INFO [stdout]   21:     0x7fbc009804d5 - std::sys::unix::thread::Thread::new::thread_start::hfecb2e7eff8fd34f
Dec 03 07:46:53.319 INFO [stdout]                                at libstd/sys/unix/thread.rs:90
Dec 03 07:46:53.319 INFO [stdout]   22:     0x7fbc0050c6b9 - start_thread
Dec 03 07:46:53.319 INFO [stdout]   23:     0x7fbc0002c41c - clone
Dec 03 07:46:53.320 INFO [stdout]   24:                0x0 - <unknown>
Dec 03 07:46:53.320 INFO [stdout] query stack during panic:
Dec 03 07:46:53.320 INFO [stdout] end of query stack
Dec 03 07:46:53.320 INFO [stdout] 
Dec 03 07:46:53.320 INFO [stdout] 
Dec 03 07:46:53.320 INFO [stdout] failures:
Dec 03 07:46:53.320 INFO [stdout]     src/lib.rs - Empty (line 753)
Dec 03 07:46:53.320 INFO [stdout] 
Dec 03 07:46:53.320 INFO [stdout] test result: FAILED. 17 passed; 1 failed; 1 ignored; 0 measured; 0 filtered out
Dec 03 07:46:53.320 INFO [stdout] 
Dec 03 07:46:53.339 INFO [stderr] error: test failed, to rerun pass '--doc'
Dec 03 07:46:53.339 INFO [stderr] su: No module specific data is present
Dec 03 07:46:54.360 INFO running `"docker" "inspect" "408f1dd377e1b303020aa9efd6335874ca4097830a48254176306c5defe86bc3"`
Dec 03 07:46:54.715 INFO running `"docker" "rm" "-f" "408f1dd377e1b303020aa9efd6335874ca4097830a48254176306c5defe86bc3"`
Dec 03 07:46:55.047 INFO [stdout] 408f1dd377e1b303020aa9efd6335874ca4097830a48254176306c5defe86bc3
